is divided by 2348931.
1440
Calculate the remainder when 961856 is divided by 1582.
0
Calculate the remainder when 56730 is divided by 926.
244
Calculate the remainder when 254373 is divided by 12714.
93
Calculate the remainder when 22856836 is divided by 25.
11
What is the remainder when 3076157 is divided by 1003?
959
Calculate the remainder when 125319 is divided by 8744.
2903
What is the remainder when 71212 is divided by 41?
36
What is the remainder when 1087820 is divided by 2768?
2764
Calculate the remainder when 47776819 is divided by 502.
475
What is the remainder when 72139077 is divided by 5155?
7
What is the remainder when 4262706 is divided by 224?
210
Calculate the remainder when 637698 is divided by 116.
46
What is the remainder when 365926 is divided by 2772?
22
What is the remainder when 106553 is divided by 74?
67
What is the remainder when 122024 is divided by 18?
2
Calculate the remainder when 2466421 is divided by 24664.
21
What is the remainder when 459332 is divided by 459300?
32
What is the remainder when 424200 is divided by 5260?
3400
What is the remainder when 173254 is divided by 1976?
1342
What is the remainder when 48063 is divided by 23997?
69
What is the remainder when 308675 is divided by 283?
205
Calculate the remainder when 4366047 is divided by 31.
7
What is the remainder when 3355841 is divided by 1132?
593
What is the remainder when 6253318 is divided by 3539?
3444
What is the remainder when 70536 is divided by 23448?
192
What is the remainder when 176556 is divided by 555?
66
What is the remainder when 1143736 is divided by 381245?
1
Calculate the remainder when 9280342 is divided by 4640165.
12
Calculate the remainder when 128238 is divided by 126746.
1492
What is the remainder when 2324278 is divided by 283?
282
What is the remainder when 13048477 is divided by 30135?
22
What is the remainder when 64151271 is divided by 556?
547
What is the remainder when 8554719 is divided by 76?
7
Calculate the remainder when 52237541 is divided by 400.
341
Calculate the remainder when 3088010 is divided by 576.
74
What is the remainder when 5311503 is divided by 15?
3
What is the remainder when 24547756 is divided by 13?
12
What is the remainder when 109531459 is divided by 141?
121
What is the remainder when 19748 is divided by 1289?
413
Calculate the remainder when 16213937 is divided by 16213929.
8
What is the remainder when 2391756 is divided by 17083?
136
Calculate the remainder when 142020380 is divided by 112.
12
What is the remainder when 31395794 is divided by 7848947?
6
Calculate the remainder when 19648877 is divided by 128424.
5
Calculate the remainder when 16864 is divided by 1050.
64
What is the remainder when 1470271 is divided by 342?
13
What is the remainder when 1806920 is divided by 903450?
20
Calculate the remainder when 539383380 is divided by 7261.
7256
Calculate the remainder when 21056323 is divided by 164.
35
What is the remainder when 9380648 is divided by 67?
45
What is the remainder when 14471629 is divided by 689124?
25
Calculate the remainder when 328732 is divided by 328175.
557
Calculate the remainder when 245865 is divided by 1764.
669
What is the remainder when 22339 is divided by 20944?
1395
What is the remainder when 21147154 is divided by 5286781?
30
What is the remainder when 986128 is divided by 5572?
5456
Calculate the remainder when 41239583 is divided by 105.
98
What is the remainder when 132764095 is divided by 182?
9
What is the remainder when 593074991 is divided by 24?
23
What is the remainder when 47377 is divided by 455?
57
Calculate the remainder when 392216 is divided by 130584.
464
Calculate the remainder when 34118570 is divided by 574.
10
What is the remainder when 8395088 is divided by 20?
8
What is the remainder when 33558024 is divided by 110?
104
Calculate the remainder when 497918 is divided by 165394.
1736
What is the remainder when 115583 is divided by 1427?
1423
Calculate the remainder when 231740849 is divided by 101.
86
Calculate the remainder when 299237 is divided by 168.
29
Calculate the remainder when 1282339 is divided by 63.
37
What is the remainder when 6986326 is divided by 465755?
1
Calculate the remainder when 16648 is divided by 109.
80
What is the remainder when 5222301 is divided by 87033?
321
Calculate the remainder when 3168170 is divided by 105605.
20
What is the remainder when 10739 is divided by 1038?
359
What is the remainder when 14238 is divided by 2?
0
Calculate the remainder when 11228877 is divided by 354.
351
What is the remainder when 8616186 is divided by 2154036?
42
What is the remainder when 425558 is divided by 413?
168
What is the remainder when 2678890 is divided by 7182?
4
Calculate the remainder when 1314843 is divided by 1314836.
7
Calculate the remainder when 15430 is divided by 6099.
3232
What is the remainder when 134841 is divided by 67371?
99
Calculate the remainder when 127643605 is divided by 14.
5
Calculate the remainder when 1643193 is divided by 205398.
9
Calculate the remainder when 328306 is divided by 158881.
10544
What is the remainder when 3532380 is divided by 151?
37
Calculate the remainder when 401387 is divided by 89.
86
What is the remainder when 155547533 is divided by 3685?
3683
Calculate the remainder when 647130 is divided by 963.
957
What is the remainder when 244478311 is divided by 22?
11
What is the remainder when 2069734 is divided by 87?
4
Calculate the remainder when 111030 is divided by 2720.
2230
Calculate the remainder when 112085 is divided by 36539.
2468
What is the remainder when 160230583 is divided by 2179?
2176
Calculate the remainder when 12951332 is divided by 916.
8
Calculate the remainder when 1967495 is divided by 422.
131
What is the remainder when 129652 is divided by 42664?
1660
What is the remainder when 224508 is divided by 674?
66
Calculate the remainder when 15554 is divided by 3093.
89
Calculate the remainder when 6317 is divided by 2503.
1311
Calculate the remainder when 16191327 is divided by 23.
17
What is the remainder when 140867 is divided by 2429?
2414
What is the remainder when 2867 is divided by 111?
92
Calculate the remainder when 91455 is divided by 592.
287
Calculate the remainder when 38959 is divided by 38495.
464
Calculate the remainder when 549493 is divided by 314.
307
What is the remainder when 585328605 is divided by 62?
59
What is the remainder when 65864197 is divided by 21954731?
4
Calculate the remainder when 39972590 is divided by 398.
256
What is the remainder when 200653 is divided by 50078?
341
What is the remainder when 13412263 is divided by 1229?
186
What is the remainder when 20680 is divided by 2865?
625
Calculate the remainder when 28120681 is divided by 771.
769
What is the remainder when 401287 is divided by 50144?
135
Calculate the remainder when 320404 is divided by 5622.
5572
Calculate the remainder when 1224449 is divided by 72022.
75
What is the remainder when 323180 is divided by 11239?
8488
What is the remainder when 1325000 is divided by 1663?
1252
What is the remainder when 20645397 is divided by 4757?
17
What is the remainder when 40573 is divided by 5034?
301
What is the remainder when 417366 is divided by 13897?
456
Calculate the remainder when 167633 is divided by 225.
8
What is the remainder when 6955496 is divided by 36226?
104
Calculate the remainder when 8030 is divided by 2436.
722
Calculate the remainder when 3053775 is divided by 141.
138
Calculate the remainder when 1373634 is divided by 29226.
12
What is the remainder when 427482 is divided by 6679?
26
What is the remainder when 6080159 is divided by 734?
437
Calculate the remainder when 3447121 is divided by 22.
7
What is the remainder when 77929507 is divided by 77929498?
9
Calculate the remainder when 6058459 is divided by 6452.
31
What is the remainder when 318833 is divided by 290?
123
What is the remainder when 658300 is divided by 131653?
35
What is the remainder when 13933538 is divided by 961?
960
Calculate the remainder when 2425531 is divided by 64.
59
Calculate the remainder when 376464 is divided by 376248.
216
What is the remainder when 29918065 is divided by 63?
58
Calculate the remainder when 123553 is divided by 2937.
199
Calculate the remai